= 14*b - 12*b + d. Is b a multiple of 90?
True
Let c = 11098 - 5203. Is c a multiple of 131?
True
Let c(o) = 58*o**2 + 5*o - 56*o**2 - 2*o + 29. Does 10 divide c(-5)?
False
Suppose -160569 = 3*k - 286*k + 330719. Is 56 a factor of k?
True
Let f(s) = -575*s - 86. Let y be f(-2). Suppose 0 = -78*h + 71*h + y. Is h a multiple of 2?
True
Let y = 148 - 148. Suppose 3*p - 224 = -4*l - y*p, -5*l + 4*p = -311. Is 13 a factor of l?
False
Is (-13495669)/(-2019) + 1 + 14/(-6) a multiple of 41?
True
Let l(h) = -12 + 6 + 16 - 34*h. Is l(-5) a multiple of 36?
True
Suppose -76*n + 68161 + 196159 = -20*n. Is 25 a factor of n?
False
Suppose -24*h + 205975 = 6*h + 4735. Is h a multiple of 40?
False
Suppose -32*u - 202940 = -37*u. Does 8 divide u?
False
Let o(u) = -u + 5. Let z be (-11)/(-22) - 1/2. Let b be o(z). Suppose 3*d = -i + d + 48, -b*i + 305 = -3*d. Is 14 a factor of i?
False
Let w(c) = 212*c - 20. Let o be w(-8). Does 43 divide (o/(-14))/(1 + 60/(-70))?
False
Let p = 47 - -9. Suppose -c + 60 = p. Suppose -s - 72 = -3*s + 2*n, -n = -c*s + 150. Is s a multiple of 19?
True
Let a(l) = 44 + 99*l - 16 - 28*l - 25 - 18. Is 25 a factor of a(2)?
False
Let i(y) = -53*y + 131*y - 64*y - 10. Suppose w = -h + 5, w - 3 = h - 6. Is 7 a factor of i(h)?
False
Let m = 14 - 15. Let p = -1 - -29. Is (p/(-8))/(m*(-1)/(-10)) a multiple of 7?
True
Let q(n) = -2*n**2 - 25*n - 27. Let u be q(-11). Let h be 7/14 - ((-4965)/u - 1). Suppose h = 5*o - 276. Is o a multiple of 12?
False
Suppose 0 = -0*r - 4*r - r. Suppose r = -7*c + 3125 + 1425. Does 65 divide c?
True
Let m be (-18)/2 + 5 + 199. Let d = m + 57. Is d a multiple of 21?
True
Does 14 divide (-2)/(1*(-12)/18) + 151*15?
True
Suppose -s + 59 = -4*y, -32*s - 195 = -37*s - 5*y. Let r be 2 - (-30*1 + 1). Let f = s - r. Is 6 a factor of f?
True
Let k be (3/30)/(7/(-28))*-60. Suppose -5*z = 9 - k. Is z a multiple of 2?
False
Let h(y) = -45*y**2 - 11*y + 6. Let b be h(-6). Let o = -1079 - b. Is 8 a factor of o?
False
Let j(c) = -43*c + 2089. Does 19 divide j(-31)?
False
Suppose 5*b = 130 + 185. Suppose -s = -2*m - 10, -5*s = 2*m + 2*m + 20. Suppose s*x + b = x. Is x a multiple of 7?
True
Let l be (-6)/(-8) + (-30)/(-24). Suppose -p = -5*g - 77, -5*g - l = -4*g. Does 5 divide p?
False
Does 7 divide 1 - 31/(31/(-4150))?
True
Let h(r) = -218*r + 388. Let z(t) = 111*t - 194. Let x(k) = 6*h(k) + 11*z(k). Does 11 divide x(-3)?
False
Let g = -52136 + 80472. Does 77 divide g?
True
Is (6 - 8/4) + (-2544)/(-3) a multiple of 71?
True
Suppose 0 = -19120*v + 19117*v + 1470. Is 10 a factor of v?
True
Let y = 56 - 54. Suppose 4*b = 2*b - y*b. Suppose -5*o + l + 1352 = 0, 2*l - 536 = -b*o - 2*o. Is o a multiple of 54?
True
Let l(p) = -p**3 - 5*p**2 - 2*p - 4. Suppose 0*w = -5*o + 4*w - 18, -2*w - 6 = 0. Let g be l(o). Let q = 48 + g. Is 28 a factor of q?
False
Let r = -139 - -263. Let m(p) = -p**2 - 12*p - 9. Let t be m(-11). Suppose v - 3*v + 4*b = -r, -3*b - 128 = -t*v. Does 7 divide v?
True
Let m(g) = 213*g + 2454. Is 20 a factor of m(0)?
False
Let p(i) = -3*i - 46. Let g be p(-41). Let m = 448 - g. Is 36 a factor of m?
False
Let p(x) = 110*x + 11. Let v(z) = -110*z - 11. Let w(b) = -6*p(b) - 7*v(b). Is w(2) a multiple of 12?
False
Does 64 divide ((-82688)/170)/((-10)/25)?
True
Let r(m) = -7*m - 3. Let t(f) = -13*f - 5. Let x(a) = -11*r(a) + 6*t(a). Let g be x(6). Does 19 divide (-276)/(-1 - 2) - g?
True
Let t = 99 + -94. Suppose -2*o - 45 = -5*z, -t*z - o - 4*o = -10. Suppose 0*y = z*y - 784. Is 7 a factor of y?
True
Let j = 156 + -152. Suppose 3*s + 5*b = s + 863, -j*b = -4*s + 1712. Does 13 divide s?
True
Let n(z) = 1 - 2 - 3*z - 2 + 33*z. Suppose 19 = 25*u - 56. Is 29 a factor of n(u)?
True
Suppose -15 = -4*j - x, 56*j + 4*x = 58*j - 12. Suppose t = 4*n - 769, -j*n = 8*t - 4*t - 744. Is 10 a factor of n?
False
Let o(y) = -677*y**3 + y**2 + 4*y - 2. Is 102 a factor of o(-2)?
False
Suppose -9*r = -14*r + 95. Let m(g) = -9*g + 190. Does 3 divide m(r)?
False
Suppose 4*n + 2*c - 44274 = 0, 9*n = 14*n - 5*c - 55365. Does 34 divide n?
False
Suppose -5*b + 0*b - 1513 = -3*r, 5*b + 1512 = 2*r. Let x = -167 - b. Does 45 divide x?
True
Let r be 2*2/6 - 319/(-3). Let p = 152 - r. Is p a multiple of 31?
False
Let k = 10 - 7. Let c(n) be the second derivative of n**4 + n**3/2 + 2*n**2 - 42*n. Is 30 a factor of c(k)?
False
Suppose 3*c - c - 42 = 0. Suppose 0 = -4*m - c + 1509. Suppose -l + 3 = -4*l, -3*a + m = -3*l. Is a a multiple of 40?
False
Suppose 0 = 153*q - 138*q - 165. Suppose 0 = 2*g - 4*g + 38. Let d = g + q. Does 10 divide d?
True
Suppose -15 = 5*i - 8*i. Suppose -5*j + 2*t + 3*t = 0, -3*j = i*t - 24. Suppose -3*h = -w + 206, -w - 4*h + 194 = -j*h. Does 23 divide w?
False
Let u(m) = 58*m + 33. Let f be u(-3). Let c = f + 184. Is 3 a factor of c?
False
Let t = -199 - -201. Suppose 0 = -t*l + 4*q + 200, -l - 2*q = -109 - 11. Does 11 divide l?
True
Let y be 1124/3*(-333)/74. Let r = 2422 + y. Is 13 a factor of r?
False
Is 6 a factor of (54/8)/((-30)/(-50))*48?
True
Suppose 3*w = 0, -3*w - 389 = 3*o - 1631. Let u = -156 + o. Is 25 a factor of u?
False
Suppose x + 16 = 3*r, 3*r - r + 4*x = -8. Suppose -r = 9*y - 5*y, -3*w + 17 = -5*y. Suppose 3*g = 2*o - 111, 68 = w*o + 2*g - 114. Is o a multiple of 16?
True
Let l = -21 + 26. Suppose l*a - 100 = a. Is 25 a factor of a?
True
Let a(c) = -2*c**2 + 36*c - 9. Let r be a(17). Suppose n - 830 = -r. Is n a multiple of 23?
True
Suppose 6*s - 11 = 5*s. Let n = s - 11. Suppose 5 = 5*x, -3*a + 4*x - 3*x + 713 = n. Is 14 a factor of a?
True
Let p = -22 + 26. Suppose 0 = -y - 0*y + p. Suppose y*s = -s + 95. Is 13 a factor of s?
False
Let y = 756 + -504. Suppose x - 85 = -z + y, 3*x + z = 1011. Does 5 divide x?
False
Is (-23933 + 30/(-15))/(-5) a multiple of 7?
False
Let n be (-158)/237 + 67/(-3). Let g(r) = r**2 + 11*r + 207. Is g(n) a multiple of 23?
True
Let n be (-8)/16 - 47/2 - -2. Let d = 27 + n. Suppose -3*q + 12 = 0, 432 = 5*l - 2*q + d*q. Is l a multiple of 12?
True
Suppose -2*a = 5*a - 1386. Suppose -3*m - 30 + a = 0. Suppose -y = -2*y + m. Is 7 a factor of y?
True
Let m(j) = 112*j + 40. Let d = 293 - 289. Is m(d) a multiple of 61?
True
Let r(h) = -h**3 + 23*h**2 + 9*h. Let q be 12*(-24)/32 - -31. Is 9 a factor of r(q)?
False
Is 0 - (115719/(-4) - (-60)/(-240)) a multiple of 207?
False
Let n be -10*(-1 - (-21)/6 - 3). Suppose -3*w + 5*w - 293 = -n*o, -5*o = -3*w + 477. Is 8 a factor of w?
False
Let p(o) = 3*o - 12. Let h be (-1)/(12/3) + (-13)/(-4). Suppose 5*u + h = -4*b + 20, 5*u = -3*b + 9. Is 6 a factor of p(b)?
True
Suppose 0 = -18*p + 22*p, 4*a = 2*p + 8140. Is a a multiple of 55?
True
Let b(o) = -o**3 + 3*o - 6. Let s(j) = j + 1. Let r(z) = b(z) + 2*s(z). Let d be r(-6). Let g = d - 76. Is 41 a factor of g?
False
Suppose 2*j + 19*b - 17*b - 44 = 0, -2*b + 98 = 5*j. Does 9 divide (j*3)/((63/12)/7)?
True
Suppose -8*n = -2 + 18. Let r be 3/(n - 875/(-430)). Suppose -21 + r = b. Is b a multiple of 21?
False
Let m be ((-1)/(-3))/((-19054)/(-2382) + -8). Let t = m + 424. Is 8 a factor of t?
False
Let s be 27/(-18)*(-292)/6. Let b = s - 9. Does 16 divide b?
True
Let f(k) = -975*k - 6696. Does 58 divide f(-24)?
True
Let b be 770/(-3)*36/(-30). Let m = b - 304. Is 4 a factor of m?
True
Let h(z) be the first derivative of 20*z**4 + 5*z**3/3 - 11*z**2/2 + 4*z - 4. Does 14 divide h(2)?
False
Suppose -2*q = 101*q - 11*q - 2603232. Is 262 a factor of q?
True
Suppose -2*w + 3*w - v = 0, 3*w + 3*v = 12. Suppose -3*s - 54 = w*c - 19, 3*c + 30 = 3*s. Let x = 53 + c. Is x a multiple of 8?
True
Suppose -2*u - 3*j = -20427, -53*u + 52*u + 5*j = -10220. Is u a multiple of 15?
True
Suppose 0 = 2*o, o + 2145 = x + 4*x. Let k = 320 + x. Does 61 divide k?
False
Does 15 divide (-13)/(-4)*((-104748)/(-28) + 23)?
False
Suppose -230412 = -642*j + 621*j. Does 117 divide j?
False
Suppose 0 = 2*s + 2*s - 4*d - 12, -5*d = -4*s + 10. Suppose -5 = h - 7, 5*b = s*h. Does 12 divide 108*b*4/16?
False
Let u be 3/(-3)*(-14 + -631). Suppose 5*g = 7*t - 5*t + u, -2*g + 247 = -3*t. Is 13 a factor of g?
False
Let n(s) = 151*s**2 + 31*s - 168. Is 18 a factor of n(5)?
True
Let m = 4622 + -4606. Does 16 divide m?
True
Is 331 a factor of 7613 + ((-6384)/646 - 4/34 - -3)?
False
Let p be (1316/56)/((2/4)/1). Suppose -3*c + 96 = -3*y, -4*y